{"id":66,"date":"2017-10-10T15:28:04","date_gmt":"2017-10-10T13:28:04","guid":{"rendered":"http:\/\/si-nowahuta.pl\/?page_id=66"},"modified":"2026-01-03T16:36:34","modified_gmt":"2026-01-03T15:36:34","slug":"terapeuci","status":"publish","type":"page","link":"http:\/\/si-nowahuta.pl\/?page_id=66","title":{"rendered":"Terapeuci"},"content":{"rendered":"<p>Nasz Zesp\u00f3\u0142 to wykwalifikowani terapeuci Integracji Sensorycznej (certyfikat II stopnia SI), fizjoterapeuci, pedagodzy specjalni, logopeda<\/p>\n<p>Wszyscy terapeuci posiadaj\u0105 wieloletnie do\u015bwiadczenie w pracy z dzie\u0107mi zar\u00f3wno z zaburzeniami w zakresie integracji sensorycznej, jak r\u00f3wnie\u017c z zaburzeniami rozwoju psychomotorycznego, spektrum autyzmu, oraz innymi deficytami rozwojowymi.<\/p>\n<p>Zesp\u00f3\u0142 terapeut\u00f3w podnosi swoje kwalifikacje uczestnicz\u0105c w r\u00f3\u017cnorodnych szkoleniach specjalistycznych, doskonalenia zawodowego, aby w jak najlepszy spos\u00f3b, wielokierunkowo pomaga\u0107 naszym pacjentom.<\/p>\n<p><strong>KOORDYNATORZY:<\/strong><\/p>\n<p><strong>mgr KSENIA BIA\u0141EK\u00a0 <\/strong>fizjoterapeuta\u00a0 oligofrenopedagog<\/p>\n<p>terapeuta STW -Sensomotoryczna Terapia Widzenia<br \/>terapeuta Integracji Sensorycznej kurs I i II stopnia- certyfikat uprawniaj\u0105cy do prowadzenia diagnozy i terapii Integracji Sensorycznej\u00a0 \u00a0 \u00a0 \u00a0 \u00a0 \u00a0 \u00a0 \u00a0 \u00a0 \u00a0 \u00a0 \u00a0 \u00a0 \u00a0 \u00a0 \u00a0 \u00a0 \u00a0 \u00a0 \u00a0 \u00a0 \u00a0 \u00a0 \u00a0 \u00a0 \u00a0 \u00a0 \u00a0 \u00a0 \u00a0 \u00a0 \u00a0 \u00a0 \u00a0 \u00a0 \u00a0 \u00a0 \u00a0 \u00a0 \u00a0 \u00a0 \u00a0 \u00a0 \u00a0 \u00a0 \u00a0 \u00a0 \u00a0 \u00a0 \u00a0 \u00a0 \u00a0 \u00a0 \u00a0 \u00a0 \u00a0 \u00a0 terapeuta NDT-Bobath &#8211; kurs Basic, Baby<br \/>terapeuta PNF<br \/>terapeuta Terapia R\u0119ki<br \/>terapeuta Metody Ruchu Rozwijaj\u0105cego Weroniki Sherborn<br \/>terapeuta Metody Dennisona \u2013 gimnastyka m\u00f3zgu<br \/>terapeuta Integracji Bilateralnej<br \/>trener Sensoplastyki<br \/>uko\u0144czony kurs I i II stopnia Kinesio-Tapingu oraz Elastycznego Tapingu w pediatrii<\/p>\n<p><!--more--><\/p>\n<p><strong>mgr MARTA STANISZEWSKA-OBRA\u0141<\/strong><strong>\u00a0 \u00a0 \u00a0<\/strong><br \/>fizjoterapeuta, olgofrenopedagog, opiekun dzieci\u0119cy<br \/>terapeuta NDT-Bobath kurs Basic, Baby<br \/>terapeuta Integracji Sensorycznej kurs I i II stopnia- certyfikat uprawniaj\u0105cy do prowadzenia diagnozy i terapii Integracji Sensorycznej\u00a0 \u00a0 \u00a0 \u00a0 \u00a0 \u00a0 \u00a0 \u00a0 \u00a0 \u00a0 \u00a0 \u00a0 \u00a0 \u00a0 \u00a0 \u00a0 \u00a0 \u00a0 \u00a0 \u00a0 \u00a0 \u00a0 \u00a0 \u00a0 \u00a0 \u00a0 \u00a0 \u00a0 \u00a0 \u00a0 \u00a0 \u00a0 \u00a0 \u00a0 \u00a0 \u00a0 \u00a0 \u00a0 \u00a0 \u00a0 \u00a0 \u00a0 \u00a0 \u00a0 \u00a0 \u00a0 \u00a0 \u00a0 \u00a0 \u00a0 \u00a0 \u00a0 \u00a0 \u00a0 \u00a0 \u00a0 \u00a0 \u00a0 \u00a0 \u00a0 \u00a0 \u00a0 \u00a0 \u00a0 \u00a0 terapeuta STW &#8211; Sensomotoryczna Terapia Widzenia<br \/>terapeuta PNF<br \/>terapeuta Terapia R\u0119ki<br \/>terapeuta Metody Ruchu Rozwijaj\u0105cego Weroniki Sherborn<br \/>uko\u0144czony kurs I i II stopnia Kinesio-Tapingu<\/p>\n<p><strong>mgr KATARZYNA NOWAKOWSKA<\/strong><br \/>fizjoterapeuta<br \/>terapeuta NDT Bobath kurs Basic, Baby<br \/>terapeuta Integracji Sensorycznej kurs I i II stopnia- certyfikat uprawniaj\u0105cy do prowadzenia diagnozy i terapii Integracji Sensorycznej\u00a0 \u00a0 \u00a0 \u00a0 \u00a0 \u00a0 \u00a0 \u00a0 \u00a0 \u00a0 \u00a0 \u00a0 \u00a0 \u00a0 \u00a0 \u00a0 \u00a0 \u00a0 \u00a0 \u00a0 \u00a0 \u00a0 \u00a0 \u00a0 \u00a0 \u00a0 \u00a0 \u00a0 \u00a0 \u00a0 \u00a0 \u00a0 \u00a0 \u00a0 \u00a0 \u00a0 \u00a0 \u00a0 \u00a0 \u00a0 \u00a0 \u00a0 \u00a0 \u00a0 \u00a0 \u00a0 \u00a0 \u00a0 \u00a0 \u00a0 \u00a0 \u00a0 \u00a0 \u00a0 \u00a0 \u00a0 \u00a0 \u00a0 \u00a0 \u00a0 \u00a0 \u00a0 \u00a0 \u00a0 \u00a0 terapeuta STW &#8211; Sensomotoryczna Terapia Widzenia<br \/>terapeuta Metody Ruchu Rozwijaj\u0105cego Weroniki Sherborn<br \/>uko\u0144czony kurs I i II stopnia Kinesio-Tapingu<br \/>terapeuta Terapia R\u0119ki<\/p>\n\n\n<p><\/p>\n","protected":false},"excerpt":{"rendered":"<p>Nasz Zesp\u00f3\u0142 to wykwalifikowani terapeuci Integracji Sensorycznej (certyfikat II stopnia SI), fizjoterapeuci, pedagodzy specjalni, logopeda Wszyscy terapeuci posiadaj\u0105 wieloletnie do\u015bwiadczenie w pracy z dzie\u0107mi zar\u00f3wno z zaburzeniami w zakresie integracji sensorycznej, jak r\u00f3wnie\u017c z zaburzeniami rozwoju psychomotorycznego, spektrum autyzmu, oraz innymi deficytami rozwojowymi. Zesp\u00f3\u0142 terapeut\u00f3w podnosi swoje kwalifikacje uczestnicz\u0105c w r\u00f3\u017cnorodnych szkoleniach specjalistycznych, doskonalenia zawodowego, &hellip; <\/p>\n<p class=\"link-more\"><a href=\"http:\/\/si-nowahuta.pl\/?page_id=66\" class=\"more-link\">Czytaj dalej<span class=\"screen-reader-text\"> Terapeuci<\/span><\/a><\/p>\n","protected":false},"author":1,"featured_media":0,"parent":0,"menu_order":0,"comment_status":"closed","ping_status":"closed","template":"","meta":{"footnotes":""},"_links":{"self":[{"href":"http:\/\/si-nowahuta.pl\/index.php?rest_route=\/wp\/v2\/pages\/66"}],"collection":[{"href":"http:\/\/si-nowahuta.pl\/index.php?rest_route=\/wp\/v2\/pages"}],"about":[{"href":"http:\/\/si-nowahuta.pl\/index.php?rest_route=\/wp\/v2\/types\/page"}],"author":[{"embeddable":true,"href":"http:\/\/si-nowahuta.pl\/index.php?rest_route=\/wp\/v2\/users\/1"}],"replies":[{"embeddable":true,"href":"http:\/\/si-nowahuta.pl\/index.php?rest_route=%2Fwp%2Fv2%2Fcomments&post=66"}],"version-history":[{"count":36,"href":"http:\/\/si-nowahuta.pl\/index.php?rest_route=\/wp\/v2\/pages\/66\/revisions"}],"predecessor-version":[{"id":363,"href":"http:\/\/si-nowahuta.pl\/index.php?rest_route=\/wp\/v2\/pages\/66\/revisions\/363"}],"wp:attachment":[{"href":"http:\/\/si-nowahuta.pl\/index.php?rest_route=%2Fwp%2Fv2%2Fmedia&parent=66"}],"curies":[{"name":"wp","href":"https:\/\/api.w.org\/{rel}","templated":true}]}}